) = j - 3. Let y be v(4). Let b = y - -6. What is the remainder when i is divided by b?
6
Suppose -5*u = -100 - 115. Calculate the remainder when u is divided by 17.
9
Let y = -9 - -21. Let k = 12 + -7. Suppose -k*o + 10*o = 170. Calculate the remainder when o is divided by y.
10
Let n(w) be the second derivative of w**4/6 + w**3/6 - w**2/2 - 7*w. Calculate the remainder when n(-3) is divided by 10/((-2)/(0 + -1)).
4
Suppose 0 = j + 5*x + 9, -8 = 5*j + 2*x - 32. Suppose y - 11 - 5 = 0. Calculate the remainder when y is divided by j.
4
What is the remainder when 77 is divided by (-24)/48*(-2 + 2 - 26)?
12
Let c be 1 + -1 + 1 + -1. Suppose 2*j + 5*r + 73 = 0, c*j - 2*r = 4*j + 138. Let i = j + 52. What is the remainder when 52 is divided by i?
16
Suppose -5*u + u = 16, 3*k = u - 20. What is the remainder when 3*k/30*-10 is divided by 3?
2
Suppose 0*l + 2*l - 2 = 0. Calculate the remainder when 34 is divided by (-9)/(-6)*l*6.
7
Let c(p) = p**2 - 10*p + 29. Calculate the remainder when 78 is divided by c(9).
18
Let o(m) = 9*m**3 - m**2 + m. Suppose 0 = -u + v + 22, u - 3*v - 10 - 4 = 0. What is the remainder when u is divided by o(1)?
8
Suppose 12 = 3*p - 0*p. Let k = 2 + 5. Calculate the remainder when k is divided by p.
3
Let u = -240 - -346. What is the remainder when u is divided by 27?
25
Let d(q) = -6*q**3 + q**2 - 1. Let h be d(-1). Let a(j) = -j + 8. Let b = 5 + 0. Calculate the remainder when b is divided by a(h).
1
Suppose 0 = -0*v - 3*v + 39. What is the remainder when 75 is divided by v?
10
Let p = 10 - 2. Let s(g) = g**2 + g - 2. What is the remainder when s(p) is divided by 24?
22
Let i = 8 + -11. Let w = 12 - 5. Let j = w + i. Calculate the remainder when j is divided by 2.
0
Suppose 5*f - f = 116. Let g = f + 2. Calculate the remainder when g is divided by 16.
15
Let h(t) = t - 2. Let p be h(4). Let z(q) = -q**2 - 4*q + 3. Let d be z(p). Calculate the remainder when 2 is divided by -2*(d/(-6))/(-3).
0
Let v(w) = -25*w. Let p(o) = -3*o + 2. Suppose 4*n - 2*a = -24, 2*a = 2*n + 13 + 1. What is the remainder when v(-2) is divided by p(n)?
16
Suppose -8 = 4*u + d + d, -5*u + 4*d + 16 = 0. Suppose u*y - 2*y = -4. Calculate the remainder when 6 + (-2)/2*1 is divided by y.
1
Suppose -4*h + 2*k - 5*k = -82, -h = 4*k - 14. Calculate the remainder when 63 is divided by h.
19
Let a(h) = -h**3 + 17*h**2 - 11*h - 17. Calculate the remainder when a(16) is divided by 8.
7
Suppose 0 = -5*n - 52 + 192. What is the remainder when 223 is divided by n?
27
Let i be (1 - 11) + (2 - 0). What is the remainder when i/(-6)*(-165)/(-10) is divided by 12?
10
Let g(v) = 7*v - 2. Let b be (1 - 0)/((-2)/(-10)). Suppose 4*r - 135 = a, -r - b*a + 36 = -3*a. Calculate the remainder when r is divided by g(2).
10
Let k(s) = -s**3 + 5*s**2 - 4*s + 4. Let i be k(4). Suppose -9 = -3*p + 4*a, -3*p - i*a = -p - 6. Let l = p + 1. What is the remainder when 11 is divided by l?
3
Let f = 9 - 10. Calculate the remainder when (-26)/4*-6 + f is divided by 10.
8
Suppose -4 = -l - 2*l + p, 3*l = 4*p + 16. Suppose l*h = h - 9. What is the remainder when h is divided by 3?
0
Let q = -5 + 13. Suppose -2*w + 5 = v, 3*w + q = 3*v + 2. Suppose -3 = -c + w. What is the remainder when c is divided by 3?
1
Suppose -18 = -p + 7. Calculate the remainder when 144 is divided by p.
19
Suppose -4*o = -o - 216. What is the remainder when o is divided by 25?
22
Let b = -18 + 35. Calculate the remainder when 67 is divided by b.
16
Let o(c) = -3*c - 5. Suppose -4*n - 2*x = -82, 3*x + x = 2*n - 36. Calculate the remainder when n is divided by o(-4).
6
Suppose 3*p - 50 + 17 = 0. What is the remainder when 23 is divided by p + -2 - (1 + -4)?
11
Let j = 10 + -4. Let b be (-2)/(-13) + -22*(-2)/52. What is the remainder when 33 is divided by 18*b*3/j?
6
Suppose 2*h = -3*h + 15. Calculate the remainder when 6/(-18) - (-31)/h is divided by 6.
4
Suppose -9 = -3*j - 3*n, -5*j + 4*n + 39 = -21. Calculate the remainder when 31 is divided by j.
7
Let a = 47 - 21. Suppose 6 - a = -5*l. Calculate the remainder when 11 is divided by l.
3
Let w(k) = -k**3 + 10*k**2 - 11*k + 17. Calculate the remainder when w(8) is divided by 30.
27
Let s be 5 - (0 - -3) - 40. Let q = 90 + s. What is the remainder when (-1 - -2)*(q - 5) is divided by 16?
15
Let h(f) = 3*f**2 - 3*f + 2. Let o be h(2). Let x be ((-6)/(-4))/((-3)/o). What is the remainder when 13 is divided by (1 - x)*(-2)/(-2)?
3
Let y(c) = c - 9. Let r be y(13). Suppose r*g - 78 = -5*j, -4*g + 93 = -4*j - 3. What is the remainder when g is divided by 12?
10
Let x(f) = f**3 - 3*f + 4. Let a be x(4). Let g = 35 - a. Let w = g + 42. What is the remainder when w is divided by 11?
10
Let p(h) = h**3 + 3*h**2 - 5*h - 3. Let y = -9 - -5. What is the remainder when 2 is divided by p(y)?
0
Let b = 2 + -2. Suppose -86 + 152 = 6*w. Calculate the remainder when w is divided by (b - -3) + -2 - -3.
3
Calculate the remainder when (-10)/(-55) + (-1545)/(-33) is divided by 12.
11
Suppose k = 5*t - k - 115, -4*t + 4*k + 92 = 0. Calculate the remainder when t is divided by 14.
9
Let q(d) = -d**3 - 3*d**2 - 3*d - 2. Calculate the remainder when (-9 + 8)/(21/11 - 2) is divided by q(-3).
4
Let n = 95 + -61. Suppose 0*h - 2*h + n = 0. Calculate the remainder when h is divided by 10.
7
Let f be 2 + -1 + (33 - -5). Suppose 7*p = 10*p - f. Calculate the remainder when 63 is divided by p.
11
Let i be (1/(-2))/(4/(-40)). Suppose -i*n + 53 = -22. Calculate the remainder when 27 is divided by (-84)/(-15)*n/6.
13
Suppose 4*y + 644 = 4*i, -6*i - 5*y = -8*i + 322. What is the remainder when i is divided by 27?
26
Let b = -72 + 89. Calculate the remainder when 95 is divided by b.
10
Suppose -12 = -3*p + 18. Let y(h) = 5*h - 11. Calculate the remainder when y(p) is divided by 10.
9
Let v = -6 + 83. Calculate the remainder when v is divided by 13.
12
Let o = -38 + 44. Calculate the remainder when 23 is divided by o.
5
Let h be 0 + -1 + (0 - 0). Let x(i) = 32*i**2 - 2*i - 1. Let s = 11 - -1. What is the remainder when x(h) is divided by s?
9
Let y be 1 + 2 + -4 + 6. Suppose -6*z = -m - z + 34, -y*z - 20 = 0. Let s(t) = 3*t**2 + 5*t - 1. Calculate the remainder when s(-4) is divided by m.
13
Suppose 6*x + 3*t = 2*x + 121, -3*x = 3*t - 87. What is the remainder when x is divided by 13?
8
Let y = -7 + 11. Suppose 3*g = y*a - 25, -45 = -3*a - 2*g - g. Calculate the remainder when 70 is divided by (32/a)/((-16)/(-120)).
22
Calculate the remainder when 45 is divided by (-6)/2*((-78)/9 - -1).
22
Let x = -57 - -72. What is the remainder when 58 is divided by x?
13
Suppose 4*p + 5*o - 49 = -0*p, -p = 3*o - 14. Calculate the remainder when 28 is divided by p.
6
Suppose 3*j + 2*l = 3*l + 351, 3*l - 339 = -3*j. Suppose -3*o + j = o. Suppose -4 = -g + 11. What is the remainder when o is divided by g?
14
Let l(b) = b**2 + b - 1. Let y be l(2). Suppose c - 11 = u, y*c + 4*u - 34 + 6 = 0. What is the remainder when 23 is divided by c?
7
What is the remainder when 13 is divided by (-9)/(5 + (2 - 8))?
4
What is the remainder when 217/35 + -6 + 524/5 is divided by 28?
21
Suppose -3*i = 3 + 27. Let a be ((-3)/1)/(6/i). Suppose a*y + 280 = 5*r, -43 - 69 = -2*r + 4*y. What is the remainder when r is divided by 19?
18
Suppose -w = w. Suppose 4*f + 10 = c, 2*c - 32 = -w*c - 4*f. Calculate the remainder when c is divided by 8.
6
Suppose b - 1 - 15 = 5*k, 0 = 4*b - k - 45. What is the remainder when 3 is divided by ((b - 2)/3)/1?
0
Let g = 120 - 81. Calculate the remainder when g is divided by 20.
19
Let o(q) = -q + 4*q**2 - 3*q + q**3 + 4*q - q. What is the remainder when 7 is divided by o(-4)?
3
Suppose -j - 2*j + 357 = 0. Calculate the remainder when j is divided by 31.
26
Let y(f) = -7*f - 54. Calculate the remainder when y(-13) is divided by 10.
7
Suppose 4 = g + 3*w, 0*g - 20 = -5*g + w. Suppose o = 5*t + 58, -5*t - 52 = -2*o + g. Let r = t - -24. Calculate the remainder when 35 is divided by r.
11
What is the remainder when 5/20 - 358/(-8) is divided by 12?
9
Suppose -3*v - 5*z = 1, 2*v - z = -0 + 8. Suppose 24 = -q + 4*q. What is the remainder when q is divided by v?
2
Calculate the remainder when 36 is divided by 13 + 3 + (-7 - -1).
6
Calculate the remainder when 12/16*30 - 9/6 is divided by 6.
3
What is the remain